.
133
What is the remainder when 22632 is divided by 222?
210
Calculate the remainder when 301613 is divided by 179.
177
What is the remainder when 155132 is divided by 34?
24
What is the remainder when 13486 is divided by 287?
284
What is the remainder when 7053 is divided by 107?
98
What is the remainder when 7116 is divided by 876?
108
Calculate the remainder when 11306 is divided by 217.
22
Calculate the remainder when 670 is divided by 52.
46
Calculate the remainder when 12639 is divided by 1146.
33
What is the remainder when 196607 is divided by 4274?
3
Calculate the remainder when 5880 is divided by 976.
24
Calculate the remainder when 22930 is divided by 3224.
362
What is the remainder when 419686 is divided by 134?
132
Calculate the remainder when 70699 is divided by 202.
201
Calculate the remainder when 93534 is divided by 8500.
34
Calculate the remainder when 488 is divided by 31.
23
What is the remainder when 281170 is divided by 587?
584
Calculate the remainder when 129527 is divided by 44.
35
Calculate the remainder when 87974 is divided by 530.
524
What is the remainder when 9173 is divided by 341?
307
Calculate the remainder when 124550 is divided by 235.
0
What is the remainder when 515311 is divided by 856?
855
What is the remainder when 205167 is divided by 102579?
9
What is the remainder when 4433 is divided by 4301?
132
Calculate the remainder when 115917 is divided by 389.
384
Calculate the remainder when 8817 is divided by 487.
51
What is the remainder when 2815 is divided by 762?
529
What is the remainder when 4122 is divided by 55?
52
Calculate the remainder when 2696768 is divided by 156.
152
What is the remainder when 30263 is divided by 458?
35
Calculate the remainder when 1510401 is divided by 809.
807
What is the remainder when 8344 is divided by 82?
62
Calculate the remainder when 1707 is divided by 401.
103
Calculate the remainder when 5787 is divided by 373.
192
Calculate the remainder when 55142 is divided by 546.
542
Calculate the remainder when 690 is divided by 632.
58
Calculate the remainder when 9561 is divided by 1057.
48
What is the remainder when 219098 is divided by 2213?
11
What is the remainder when 24563 is divided by 664?
659
What is the remainder when 96718 is divided by 153?
22
Calculate the remainder when 1758132 is divided by 45.
27
Calculate the remainder when 35279 is divided by 205.
19
What is the remainder when 5670 is divided by 2820?
30
Calculate the remainder when 22737 is divided by 582.
39
What is the remainder when 7966 is divided by 2618?
112
Calculate the remainder when 118649 is divided by 10.
9
Calculate the remainder when 263165 is divided by 256.
253
What is the remainder when 111063 is divided by 97?
95
Calculate the remainder when 54251 is divided by 27092.
67
Calculate the remainder when 50297 is divided by 2017.
1889
What is the remainder when 6846 is divided by 2275?
21
Calculate the remainder when 395 is divided by 128.
11
Calculate the remainder when 8131 is divided by 131.
9
What is the remainder when 1368 is divided by 466?
436
Calculate the remainder when 1943 is divided by 923.
97
What is the remainder when 264813 is divided by 157?
111
What is the remainder when 9791 is divided by 3132?
395
What is the remainder when 161702 is divided by 136?
134
What is the remainder when 13487 is divided by 5?
2
Calculate the remainder when 19725 is divided by 9.
6
What is the remainder when 1628 is divided by 908?
720
What is the remainder when 10010 is divided by 4949?
112
What is the remainder when 3104 is divided by 801?
701
What is the remainder when 16369 is divided by 7196?
1977
What is the remainder when 1820 is divided by 573?
101
What is the remainder when 36320 is divided by 41?
35
Calculate the remainder when 129899 is divided by 9276.
35
What is the remainder when 6222 is divided by 1241?
17
What is the remainder when 15164 is divided by 7185?
794
Calculate the remainder when 4606 is divided by 116.
82
Calculate the remainder when 77427 is divided by 96.
51
What is the remainder when 1315885 is divided by 3409?
11
What is the remainder when 3669 is divided by 723?
54
What is the remainder when 167287 is divided by 167265?
22
What is the remainder when 1155 is divided by 286?
11
Calculate the remainder when 216199 is divided by 6.
1
What is the remainder when 2540 is divided by 198?
164
What is the remainder when 3197 is divided by 229?
220
What is the remainder when 4949 is divided by 127?
123
Calculate the remainder when 9977 is divided by 128.
121
What is the remainder when 1319 is divided by 55?
54
Calculate the remainder when 6646 is divided by 735.
31
Calculate the remainder when 1488 is divided by 187.
179
What is the remainder when 8071 is divided by 149?
25
What is the remainder when 2016 is divided by 169?
157
Calculate the remainder when 224015 is divided by 52.
51
Calculate the remainder when 1218862 is divided by 1623.
1612
What is the remainder when 7350 is divided by 60?
30
Calculate the remainder when 7167 is divided by 2356.
99
What is the remainder when 131526 is divided by 328?
326
What is the remainder when 6716 is divided by 2099?
419
What is the remainder when 97695 is divided by 520?
455
Calculate the remainder when 43351 is divided by 336.
7
Calculate the remainder when 1284 is divided by 38.
30
Calculate the remainder when 1825 is divided by 60.
25
What is the remainder when 230636 is divided by 16?
12
What is the remainder when 95642 is divided by 1352?
1002
What is the remainder when 60956 is divided by 812?
56
What is the remainder when 4085 is divided by 1726?
633
What is the remainder when 90539 is divided by 6?
5
Calculate the remainder when 44662 is divided by 4.
2
Calculate the remainder when 7624 is divided by 953.
0
What is the remainder when 11857 is divided by 3797?
466
Calculate the remainder when 4045 is divided by 1967.
111
Calculate the remainder when 144133 is divided by 48038.
19
What is the remainder when 272496 is divided by 192?
48
What is the remainder when 5912 is divided by 80?
72
Calculate the remainder when 11516 is divided by 1641.
29
Calculate the remainder when 6877 is divided by 30.
7
Calculate the remainder when 3120 is divided by 300.
120
Calculate the remainder when 7772 is divided by 456.
20
Calculate the remainder when 2663 is divided by 132.
23
What is the remainder when 377 is divided by 45?
17
Calculate the remainder when 6456 is divided by 6281.
175
What is the remainder when 28501 is divided by 51?
43
What is the remainder when 5506 is divided by 552?
538
Calculate the remainder when 5199 is divided by 1876.
1447
Calculate the remainder when 1524276 is divided by 1524269.
7
What is the remainder when 675480 is divided by 233?
13
Calculate the remainder when 7806 is divided by 778.
26
What is the remainder when 81769 is divided by 357?
16
Calculate the remainder when 98834 is divided by 24.
2
Calculate the remainder when 225586 is divided by 12.
10
Calculate the remainder when 29012 is divided by 133.
18
What is the remainder when 253782 is divided by 2226?
18
What is the remainder when 1420 is divided by 62?
56
Calculate the remainder when 32923 is divided by 16459.
5
What is the remainder when 30145 is divided by 147?
10
What is the remainder when 23413 is divided by 5839?
57
Calculate the remainder when 4951 is divided by 1566.
253
What is the remainder when 4013 is divided by 2006?
1
What is the remainder when 2240 is divided by 2172?
68
What is the remainder when 39780 is divided by 25?
5
Calculate the remainder when 6436 is divided by 280.
276
Calculate the remainder when 30591 is divided by 11.
0
Calculate the remainder when 45202 is divided by 9040.
2
What is the remainder when 3097 is divided by 273?
94
Calculate the remainder when 97103 is divided by 867.
866
What is the remainder when 1377 is divided by 448?
33
Calculate the remainder when 335392 is divided by 215.
207
What is the remainder when 47604 is divided by 11?
7
Calculate the remainder when 210817 is divided by 635.
632
Calculate the remainder when 5246 is divided by 82.
80
What is the remainder when 514 is divided by 47?
44
Calculate the remainder when 601018 is divided by 42929.
12
Calculate the remainder when 105170 is divided b